*a**3/3 + a**2 - 208*a + 1. What is x(b)?
-11
Let x(z) = -z**2 + 4*z + 9. Let g(t) = -t**3 - t**2 + 56*t - 5. Let w be g(-8). Let j(q) = -q. Let m(i) = w*j(i) + x(i). Give m(9).
9
Let u = -122 + 70. Let b = -44 - u. Suppose -7*j - b = -3*j. Let d(q) = 3*q + 1. Calculate d(j).
-5
Let f(c) = c**2 + 27*c - 22*c + 4040 - 4043. What is f(3)?
21
Let q be (-1)/(3/225)*3/(-9). Let b(o) = o**2 + q - o - 8 - 9 - 7*o. Let r be (1 - 2/(-5))*765/153. Determine b(r).
1
Let q(x) = -3*x**3 + 2*x**2 - 74*x - 1. Let g(z) = 6*z**3 - 2*z**2 + 184*z + 3. Let v(f) = -2*g(f) - 5*q(f). Give v(3).
32
Let x(q) be the second derivative of -37*q**3/6 - 141*q**2 + 48*q - 5. Calculate x(-7).
-23
Let j(f) = 9*f - 6. Let g(o) = 698*o + 4883. Let h be g(-7). What is j(h)?
-33
Let i(p) be the third derivative of 1/60*p**5 + 0 - 41*p**2 + 0*p**3 + 4*p + 0*p**4. What is i(0)?
0
Let t(g) = -g**3 + 7*g**2 - 6*g + 7. Let c(s) = 19*s - 31. Let i be c(7). Let x = i - 96. Calculate t(x).
7
Let o(k) = -20407 + 40806 - 20398 - 8*k. Give o(-4).
33
Suppose -4*j - 5 = -41. Let c(i) = -3*i - 2. Let l(u) = -5*u - 13. Let h(m) = -2*c(m) + l(m). What is h(j)?
0
Let z(j) = 4*j**2 + 13*j + 16. Let g(m) = 11*m**2 + 38*m + 54. Let x(o) = 3*g(o) - 8*z(o). Determine x(-12).
58
Let c(g) = 5*g - 10. Let t(r) = 11*r - 20. Let l(a) = -9*c(a) + 4*t(a). Suppose o + 1 = j + 4, o = 3*j - 5. Suppose 0 = 4*h - o*h. Determine l(h).
10
Let t(y) = 2*y**2 - 57*y + 207. Let h(q) = q**2 - 20*q + 72. Let x(b) = -8*h(b) + 3*t(b). What is x(-7)?
24
Let l = -598 - -600. Let d(j) = -26*j**2 + 5*j - 4. Let c(i) = 6*i**2 - i + 1. Let x(h) = l*d(h) + 9*c(h). What is x(-1)?
2
Let k be (-2)/(-4)*(-2 + 26). Suppose 0 = 5*u - 2*f - 2*f + k, -2*f - 12 = 2*u. Let d be (3/9)/(u/24) + 1. Let i(w) = 11*w - 1. Give i(d).
-12
Suppose 0 = -5*h + 2*h + h. Let f(t) = 2 - 1 - 4 - t + h. Let p = -53 + 47. Calculate f(p).
3
Let g(c) be the third derivative of c**4/6 + 8*c**3/3 - 198*c**2. What is g(-9)?
-20
Let d = -50 + 70. Let t be (d/25)/1*15/2. Let k(f) = -6*f + 5 - 2*f + 4*f + t*f. Determine k(-7).
-9
Suppose 10 = -w + 4*q, -4*q = 4*w - q + 59. Let i be (-15)/(-20) - w/(-8). Let b(y) = -10*y**3 - 1. Determine b(i).
9
Let u(k) = -121*k - 362. Let f(q) = 38*q + 122. Let g(p) = -7*f(p) - 2*u(p). Calculate g(-5).
-10
Suppose -6*x - 20 = 4 + 24. Let p(h) = 8*h + 84. Calculate p(x).
20
Let t(k) = 2*k - 28. Let q be t(-4). Let b be ((q/(-3))/3)/(-1 - -2). Let y(r) = -6*r - r**2 + 4*r**3 + 0 + b*r + 1 - 3*r**3. Give y(3).
13
Suppose 15*p = 4*o + 14*p - 25, 2*o = -2*p. Let z(n) be the third derivative of n**6/120 - n**5/12 - n**4/12 - 2*n**3/3 + 22*n**2. What is z(o)?
-14
Let j = 2859 + -2865. Let l(q) = q**3 + 6*q**2 - 5*q - 25. Give l(j).
5
Let a(k) = -3*k - 35. Let h be a(13). Let y = h + 65. Let u(j) = j**2 + 9*j - 5. Determine u(y).
-5
Suppose 239*k - 236*k + 21 = 0. Suppose 4*n - 5 - 3 = 0. Let u(z) = -3*z**3 + 8*z**n + 4*z**3 + 0*z**3 + 17*z + 10 - 7*z. What is u(k)?
-11
Let t(k) be the second derivative of -k**5/20 + 2*k**4/3 - 2*k**3/3 - 5*k**2 + 133*k. Let a be t(7). Let y(m) = -m**2 + 11*m. Determine y(a).
0
Suppose r = 9*r - 376. Suppose -u = r - 50. Let h be 12/8 + u/(-2). Let k(p) = -p**3 + p**2 - p - 5. Give k(h).
-5
Suppose -1386*l + 28 = -1382*l. Let t(w) = -1 + l*w + 25 - 17 - 8. What is t(5)?
34
Let n(k) = -5*k + 144. Let y(z) = -2199*z - 13162. Let b be y(-6). Calculate n(b).
-16
Let g(h) = 6*h**2 + 141*h - 963. Let c be g(-29). Let n(o) be the third derivative of o**5/60 - o**3 + o**2. Calculate n(c).
30
Let y(s) be the third derivative of s**4/24 - s**3/2 + s**2. Suppose 5 = 7*p + 26. Let d be (p/6)/((18/6)/48). What is y(d)?
-11
Let d = -215 + 245. Suppose o + 2*m - 6 = 6*m, -5*o - 2*m = -d. Let x(i) = 2*i - 8. What is x(o)?
4
Let m(t) = -t**2 + 23*t + 24. Let u be 0 - (-2 + -7) - (-52)/4. What is m(u)?
46
Suppose -373*r + 362*r = -110. Let p(w) = -7*w + 35*w - 9 - w**2 + 3 - r*w - 14*w. Determine p(5).
-11
Let r(o) = -10*o**2 - 8*o + 50. Let l(y) = -8*y**2 - 9*y + 44. Let m(d) = -6*l(d) + 5*r(d). Give m(10).
-74
Let k(p) = p + 71. Suppose -61*m - 1053 - 260 = -154. Determine k(m).
52
Let t = -263 - -266. Let x(c) = 89*c**3 + 12*c**2 - 14*c + 89*c**3 - 179*c**t - 4. Determine x(11).
-37
Let g be -538 + 526 - (0 - 24). Let t(h) = -4*h**2 + 51*h - 29. Calculate t(g).
7
Suppose 16*b = 595 - 563. Let i(l) = -4*l**3 - 2*l**2 - 3*l + 12. Determine i(b).
-34
Let v(s) = -7*s - 3. Suppose 5*l = -5*j + 20, 4*l - 11 - 5 = 5*j. Suppose u = 4*d - 2*u + l, 0 = -3*d - u - 3. Give v(d).
4
Let c(j) = -j**3 + 10*j**2 - j + 14. Let d(b) = b**3 - 16*b**2 + 9*b - 49. Let a be d(16). Suppose -65 - a = -16*r. Give c(r).
4
Let r be (6 + -8)*1*-2. Let k(t) = -2*t + 1 - r - 5 + t. Let f be (-9)/(-5) + (-99)/55. Determine k(f).
-8
Suppose -12*i + 5*i + 48*i = -328. Let b(z) = -57*z - 463. What is b(i)?
-7
Let q(w) = -36*w - 177. Let j(x) = -x**3 + 13*x**2 - 7*x + 289. Let m be j(14). What is q(m)?
3
Let z(n) be the second derivative of -5*n**3 + 49*n**2/2 + 3103*n. Give z(2).
-11
Let o(w) = 0*w - 3*w + 6*w**2 + 9021 - 9016 - 2*w - w**2. Calculate o(4).
65
Let a = 832 + -832. Suppose 6*f - 32*f - 130 = a. Let l(j) = j**3 + 5*j**2 - 2*j - 3. Give l(f).
7
Let m(h) = 11*h**3 - 152*h**2 - 6*h + 26. Let r(d) = -d**3 + 13*d**2 - 2*d + 1. Let k(f) = -m(f) - 10*r(f). Calculate k(23).
33
Let j(u) = 2*u**3 - 59*u**2 + 30*u - 26. Let p be j(29). Let g(x) be the second derivative of 1/20*x**5 - 1/6*x**p - 2*x**2 + 27*x + 5/12*x**4 + 0. Give g(-5).
1
Let a = -4274 + 4272. Let n(f) = f**3 - 4*f**2 - 4*f - 2. Give n(a).
-18
Suppose 5*l - 206 = -5*h + 139, -18*h + 1332 = 3*l. Suppose 2*j - 191 = -35. Let m = h - j. Let r(f) = f**2 + 7*f + 1. Give r(m).
-11
Let u be -2 + (-10)/(-6)*3. Let p(w) = -5*w - 3. Let k(o) = -2*o. Let n(l) = 3*k(l) - p(l). What is n(u)?
0
Let p = -5937 - -5935. Let f(a) = a**3 - 2*a**2 - 9*a. Determine f(p).
2
Let d be (476/(-204))/((-3)/(-27)). Let w(u) = -u**2 - 17*u + 85. Give w(d).
1
Let i(y) = -y**3 + y**2 + 1. Suppose -19 = -10*j + 1. Suppose -2*l + 5*k - 8 = 0, -l - 1 = 2*l - j*k. What is i(l)?
1
Let l(p) = p**2 - p. Let z(f) = -3*f**2 - 7*f - 11. Let b(m) = -2*l(m) - z(m). Let g(x) = x**2 - 10*x - 83. Let v be g(-5). Calculate b(v).
3
Let n(a) = a**2 + 9*a - 139. Let r = 5967 + -5959. What is n(r)?
-3
Let h = -46 + 49. Let t(n) = -2*n**3 + 3*n**2 + 3*n - 1. What is t(h)?
-19
Let t(j) = -6*j - 5. Let s be t(-5). Let a(g) = -s + 31*g - 14*g - 16*g + 4. Give a(15).
-6
Let p be (-81)/(-162) + 6/4. Let m(d) = 15*d**2 - 15*d - 3 + 11 - 41*d**p + 28*d**2 + 1. Give m(10).
59
Let p be 4*(-6)/36 - (-14)/3. Suppose p*z - z - 15 = -4*r, 5*r = 2*z + 13. Let a(j) be the second derivative of 7*j**3/6 - j**2/2 + j. Calculate a(z).
6
Suppose -24 = -4*f - 2*q, 25 - 41 = -4*f - 4*q. Let r(a) = -20 - a + 11 + 15. What is r(f)?
-2
Let p(a) = 3*a**3 + 9*a**2 - 9*a - 1. Let c(d) = 17*d**3 + 46*d**2 - 46*d - 5. Let o(y) = -2*c(y) + 11*p(y). Let z = -95 + 101. Give o(z).
-7
Suppose 379 = 4*h - 2*h + f, -3*h + 3*f + 546 = 0. Suppose -h*u = -174*u + 130. Let g(a) = -a**3 - 9*a**2 + 10*a + 14. What is g(u)?
14
Let c(p) = -p**2 + 0*p**3 - 3 + 2*p**3 + 4 + 6*p**3 - p. Let u(l) = -2*l - 12. Let m be u(-8). Suppose 3*f - 4*f + 13 = -m*k, -f - 5 = 2*k. Give c(f).
7
Let n(a) = 3*a**3 + 3*a**2 + 3*a - 1. Let v be n(-1). Let b be -4 + (-3 - (v - -4)). Let d(c) = -c**2 - 7*c + 4. Give d(b).
4
Suppose 56*o + 178 = 46*o + 208. Let y(h) be the second derivative of 0 + 23*h - 1/12*h**4 - 4*h**2 - 5/3*h**o. Give y(-8).
8
Let g(z) = -446*z**2 - 2 - 10*z + 874*z**2 - 429*z**2. Give g(-6).
22
Let d be (-4)/(-18) + ((-156)/(-27))/1. Let h(u) = -u**2 + 8*u - 9. Let b be h(d). Let l(v) = v. Let k(z) = 4*z + 2. Let g(w) = b*l(w) - k(w). Determine g(4).
-6
Let u(v) = v**2 - 3. Let d = -65 - 8. Let a = -119 - d. Let p = -49 - a. Calculate u(p).
6
Let d(j) = 2*j - 4. Let v(c) = 2*c**3 + 24*c**2 - 24*c - 14. Let k be v(-12). Let o = 276 - k. Calculate d(o).
0
Let t(a) = -13*a + 35. Let h(n) = 7*n - 17. Let q(s) = -11*h(s) - 6*t(s). Determine q(15).
-8
Let q(f) = f**3 + 6*f**2 - 8*f - 5. Suppose -168 - 154 = 46*p. Give q(p).
2
Let l = 97 + -97. Let u(y) = 8*y + 3. Let k be u(l). Let f(w) = -41 - k*w**2 + 4*w**2 + 40 + w. Calculate f(-2).
1
Let x(o) = 17 - 5*o + 18 - o**2 - 54 + 15